{"id":55,"date":"2014-11-14T16:38:29","date_gmt":"2014-11-14T16:38:29","guid":{"rendered":"\/\/oase-gronau-losser.org\/?page_id=55"},"modified":"2018-01-06T23:42:17","modified_gmt":"2018-01-06T22:42:17","slug":"fotos","status":"publish","type":"page","link":"https:\/\/oase-gronau-losser.org\/nl\/fotos\/","title":{"rendered":"Foto&#8217;s"},"content":{"rendered":"<p><strong>Die Bildergalerie ist zur Zeit leider nicht verf\u00fcgbar.<\/strong><\/p>\n<p>Wir arbeiten an dem Problem.<\/p>\n<p>Vielen Dank f\u00fcr Ihr Verst\u00e4ndnis!<\/p>\n","protected":false},"excerpt":{"rendered":"<p>Die Bildergalerie ist zur Zeit leider nicht verf\u00fcgbar. Wir arbeiten an dem Problem. Vielen Dank f\u00fcr Ihr Verst\u00e4ndnis!<\/p>\n","protected":false},"author":1,"featured_media":0,"parent":0,"menu_order":7,"comment_status":"closed","ping_status":"closed","template":"page_gallery.php","meta":{"_acf_changed":false,"footnotes":""},"class_list":["post-55","page","type-page","status-publish","hentry"],"acf":[],"yoast_head":"<!-- This site is optimized with the Yoast SEO plugin v27.5 - https:\/\/yoast.com\/product\/yoast-seo-wordpress\/ -->\n<title>Foto&#039;s - Oecumenische Kerkentuin OASE<\/title>\n<meta name=\"robots\" content=\"index, follow, max-snippet:-1, max-image-preview:large, max-video-preview:-1\" \/>\n<link rel=\"canonical\" href=\"https:\/\/oase-gronau-losser.org\/nl\/fotos\/\" \/>\n<meta property=\"og:locale\" content=\"nl_NL\" \/>\n<meta property=\"og:type\" content=\"article\" \/>\n<meta property=\"og:title\" content=\"Foto&#039;s - Oecumenische Kerkentuin OASE\" \/>\n<meta property=\"og:description\" content=\"Die Bildergalerie ist zur Zeit leider nicht verf\u00fcgbar. Wir arbeiten an dem Problem. Vielen Dank f\u00fcr Ihr Verst\u00e4ndnis!\" \/>\n<meta property=\"og:url\" content=\"https:\/\/oase-gronau-losser.org\/nl\/fotos\/\" \/>\n<meta property=\"og:site_name\" content=\"Oecumenische Kerkentuin OASE\" \/>\n<meta property=\"article:modified_time\" content=\"2018-01-06T22:42:17+00:00\" \/>\n<meta name=\"twitter:card\" content=\"summary_large_image\" \/>\n<script type=\"application\/ld+json\" class=\"yoast-schema-graph\">{\"@context\":\"https:\\\/\\\/schema.org\",\"@graph\":[{\"@type\":\"WebPage\",\"@id\":\"https:\\\/\\\/oase-gronau-losser.org\\\/nl\\\/fotos\\\/\",\"url\":\"https:\\\/\\\/oase-gronau-losser.org\\\/nl\\\/fotos\\\/\",\"name\":\"Foto's - Oecumenische Kerkentuin OASE\",\"isPartOf\":{\"@id\":\"https:\\\/\\\/oase-gronau-losser.org\\\/nl\\\/#website\"},\"datePublished\":\"2014-11-14T16:38:29+00:00\",\"dateModified\":\"2018-01-06T22:42:17+00:00\",\"breadcrumb\":{\"@id\":\"https:\\\/\\\/oase-gronau-losser.org\\\/nl\\\/fotos\\\/#breadcrumb\"},\"inLanguage\":\"nl-NL\",\"potentialAction\":[{\"@type\":\"ReadAction\",\"target\":[\"https:\\\/\\\/oase-gronau-losser.org\\\/nl\\\/fotos\\\/\"]}]},{\"@type\":\"BreadcrumbList\",\"@id\":\"https:\\\/\\\/oase-gronau-losser.org\\\/nl\\\/fotos\\\/#breadcrumb\",\"itemListElement\":[{\"@type\":\"ListItem\",\"position\":1,\"name\":\"Home\",\"item\":\"https:\\\/\\\/oase-gronau-losser.org\\\/nl\\\/\"},{\"@type\":\"ListItem\",\"position\":2,\"name\":\"Foto&#8217;s\"}]},{\"@type\":\"WebSite\",\"@id\":\"https:\\\/\\\/oase-gronau-losser.org\\\/nl\\\/#website\",\"url\":\"https:\\\/\\\/oase-gronau-losser.org\\\/nl\\\/\",\"name\":\"Oecumenische Kerkentuin OASE\",\"description\":\"\u00d6kumenischer Kirchengarten OASE \u2013 Christenen aan de grens\",\"potentialAction\":[{\"@type\":\"SearchAction\",\"target\":{\"@type\":\"EntryPoint\",\"urlTemplate\":\"https:\\\/\\\/oase-gronau-losser.org\\\/nl\\\/?s={search_term_string}\"},\"query-input\":{\"@type\":\"PropertyValueSpecification\",\"valueRequired\":true,\"valueName\":\"search_term_string\"}}],\"inLanguage\":\"nl-NL\"}]}<\/script>\n<!-- \/ Yoast SEO plugin. -->","yoast_head_json":{"title":"Foto's - Oecumenische Kerkentuin OASE","robots":{"index":"index","follow":"follow","max-snippet":"max-snippet:-1","max-image-preview":"max-image-preview:large","max-video-preview":"max-video-preview:-1"},"canonical":"https:\/\/oase-gronau-losser.org\/nl\/fotos\/","og_locale":"nl_NL","og_type":"article","og_title":"Foto's - Oecumenische Kerkentuin OASE","og_description":"Die Bildergalerie ist zur Zeit leider nicht verf\u00fcgbar. Wir arbeiten an dem Problem. Vielen Dank f\u00fcr Ihr Verst\u00e4ndnis!","og_url":"https:\/\/oase-gronau-losser.org\/nl\/fotos\/","og_site_name":"Oecumenische Kerkentuin OASE","article_modified_time":"2018-01-06T22:42:17+00:00","twitter_card":"summary_large_image","schema":{"@context":"https:\/\/schema.org","@graph":[{"@type":"WebPage","@id":"https:\/\/oase-gronau-losser.org\/nl\/fotos\/","url":"https:\/\/oase-gronau-losser.org\/nl\/fotos\/","name":"Foto's - Oecumenische Kerkentuin OASE","isPartOf":{"@id":"https:\/\/oase-gronau-losser.org\/nl\/#website"},"datePublished":"2014-11-14T16:38:29+00:00","dateModified":"2018-01-06T22:42:17+00:00","breadcrumb":{"@id":"https:\/\/oase-gronau-losser.org\/nl\/fotos\/#breadcrumb"},"inLanguage":"nl-NL","potentialAction":[{"@type":"ReadAction","target":["https:\/\/oase-gronau-losser.org\/nl\/fotos\/"]}]},{"@type":"BreadcrumbList","@id":"https:\/\/oase-gronau-losser.org\/nl\/fotos\/#breadcrumb","itemListElement":[{"@type":"ListItem","position":1,"name":"Home","item":"https:\/\/oase-gronau-losser.org\/nl\/"},{"@type":"ListItem","position":2,"name":"Foto&#8217;s"}]},{"@type":"WebSite","@id":"https:\/\/oase-gronau-losser.org\/nl\/#website","url":"https:\/\/oase-gronau-losser.org\/nl\/","name":"Oecumenische Kerkentuin OASE","description":"\u00d6kumenischer Kirchengarten OASE \u2013 Christenen aan de grens","potentialAction":[{"@type":"SearchAction","target":{"@type":"EntryPoint","urlTemplate":"https:\/\/oase-gronau-losser.org\/nl\/?s={search_term_string}"},"query-input":{"@type":"PropertyValueSpecification","valueRequired":true,"valueName":"search_term_string"}}],"inLanguage":"nl-NL"}]}},"_links":{"self":[{"href":"https:\/\/oase-gronau-losser.org\/nl\/wp-json\/wp\/v2\/pages\/55","targetHints":{"allow":["GET"]}}],"collection":[{"href":"https:\/\/oase-gronau-losser.org\/nl\/wp-json\/wp\/v2\/pages"}],"about":[{"href":"https:\/\/oase-gronau-losser.org\/nl\/wp-json\/wp\/v2\/types\/page"}],"author":[{"embeddable":true,"href":"https:\/\/oase-gronau-losser.org\/nl\/wp-json\/wp\/v2\/users\/1"}],"replies":[{"embeddable":true,"href":"https:\/\/oase-gronau-losser.org\/nl\/wp-json\/wp\/v2\/comments?post=55"}],"version-history":[{"count":2,"href":"https:\/\/oase-gronau-losser.org\/nl\/wp-json\/wp\/v2\/pages\/55\/revisions"}],"predecessor-version":[{"id":288,"href":"https:\/\/oase-gronau-losser.org\/nl\/wp-json\/wp\/v2\/pages\/55\/revisions\/288"}],"wp:attachment":[{"href":"https:\/\/oase-gronau-losser.org\/nl\/wp-json\/wp\/v2\/media?parent=55"}],"curies":[{"name":"wp","href":"https:\/\/api.w.org\/{rel}","templated":true}]}}

<p><strong>Die Bildergalerie ist zur Zeit leider nicht verfügbar.</strong></p>
<p>Wir arbeiten an dem Problem.</p>
<p>Vielen Dank für Ihr Verständnis!</p>

<p>Die Bildergalerie ist zur Zeit leider nicht verfügbar. Wir arbeiten an dem Problem. Vielen Dank für Ihr Verständnis!</p>

<!-- This site is optimized with the Yoast SEO plugin v27.5 - https://yoast.com/product/yoast-seo-wordpress/ -->
<title>Foto&#039;s - Oecumenische Kerkentuin OASE</title>
<meta name="robots" content="index, follow, max-snippet:-1, max-image-preview:large, max-video-preview:-1" />
<link rel="canonical" href="https://oase-gronau-losser.org/nl/fotos/" />
<meta property="og:locale" content="nl_NL" />
<meta property="og:type" content="article" />
<meta property="og:title" content="Foto&#039;s - Oecumenische Kerkentuin OASE" />
<meta property="og:description" content="Die Bildergalerie ist zur Zeit leider nicht verfügbar. Wir arbeiten an dem Problem. Vielen Dank für Ihr Verständnis!" />
<meta property="og:url" content="https://oase-gronau-losser.org/nl/fotos/" />
<meta property="og:site_name" content="Oecumenische Kerkentuin OASE" />
<meta property="article:modified_time" content="2018-01-06T22:42:17+00:00" />
<meta name="twitter:card" content="summary_large_image" />
<script type="application/ld+json" class="yoast-schema-graph">{"@context":"https:\/\/schema.org","@graph":[{"@type":"WebPage","@id":"https:\/\/oase-gronau-losser.org\/nl\/fotos\/","url":"https:\/\/oase-gronau-losser.org\/nl\/fotos\/","name":"Foto's - Oecumenische Kerkentuin OASE","isPartOf":{"@id":"https:\/\/oase-gronau-losser.org\/nl\/#website"},"datePublished":"2014-11-14T16:38:29+00:00","dateModified":"2018-01-06T22:42:17+00:00","breadcrumb":{"@id":"https:\/\/oase-gronau-losser.org\/nl\/fotos\/#breadcrumb"},"inLanguage":"nl-NL","potentialAction":[{"@type":"ReadAction","target":["https:\/\/oase-gronau-losser.org\/nl\/fotos\/"]}]},{"@type":"BreadcrumbList","@id":"https:\/\/oase-gronau-losser.org\/nl\/fotos\/#breadcrumb","itemListElement":[{"@type":"ListItem","position":1,"name":"Home","item":"https:\/\/oase-gronau-losser.org\/nl\/"},{"@type":"ListItem","position":2,"name":"Foto&#8217;s"}]},{"@type":"WebSite","@id":"https:\/\/oase-gronau-losser.org\/nl\/#website","url":"https:\/\/oase-gronau-losser.org\/nl\/","name":"Oecumenische Kerkentuin OASE","description":"Ökumenischer Kirchengarten OASE – Christenen aan de grens","potentialAction":[{"@type":"SearchAction","target":{"@type":"EntryPoint","urlTemplate":"https:\/\/oase-gronau-losser.org\/nl\/?s={search_term_string}"},"query-input":{"@type":"PropertyValueSpecification","valueRequired":true,"valueName":"search_term_string"}}],"inLanguage":"nl-NL"}]}</script>
<!-- / Yoast SEO plugin. -->

Die Bildergalerie ist zur Zeit leider nicht verfügbar. Wir arbeiten an dem Problem. Vielen Dank für Ihr Verständnis!

Ökumenischer Kirchengarten OASE – Christenen aan de grens
