{"version":"1.0","provider_name":"\u00d6kumenischer Kirchengarten OASE","provider_url":"https:\/\/oase-gronau-losser.org\/de","author_name":"Marlies Gartmann","author_url":"https:\/\/oase-gronau-losser.org\/de\/author\/marlies\/","title":"Arbeiten auf der Oase - \u00d6kumenischer Kirchengarten OASE","type":"rich","width":600,"height":338,"html":"<blockquote class=\"wp-embedded-content\" data-secret=\"LUNRIcaTSk\"><a href=\"https:\/\/oase-gronau-losser.org\/de\/2022\/arbeiten-auf-der-oase\/\">Arbeiten auf der Oase<\/a><\/blockquote><iframe sandbox=\"allow-scripts\" security=\"restricted\" src=\"https:\/\/oase-gronau-losser.org\/de\/2022\/arbeiten-auf-der-oase\/embed\/#?secret=LUNRIcaTSk\" width=\"600\" height=\"338\" title=\"&#8222;Arbeiten auf der Oase&#8220; &#8211; \u00d6kumenischer Kirchengarten OASE\" data-secret=\"LUNRIcaTSk\" frameborder=\"0\" marginwidth=\"0\" marginheight=\"0\" scrolling=\"no\" class=\"wp-embedded-content\"><\/iframe><script type=\"text\/javascript\">\n\/* <![CDATA[ *\/\n\/*! This file is auto-generated *\/\n!function(d,l){\"use strict\";l.querySelector&&d.addEventListener&&\"undefined\"!=typeof URL&&(d.wp=d.wp||{},d.wp.receiveEmbedMessage||(d.wp.receiveEmbedMessage=function(e){var t=e.data;if((t||t.secret||t.message||t.value)&&!\/[^a-zA-Z0-9]\/.test(t.secret)){for(var s,r,n,a=l.querySelectorAll('iframe[data-secret=\"'+t.secret+'\"]'),o=l.querySelectorAll('blockquote[data-secret=\"'+t.secret+'\"]'),c=new RegExp(\"^https?:$\",\"i\"),i=0;i<o.length;i++)o[i].style.display=\"none\";for(i=0;i<a.length;i++)s=a[i],e.source===s.contentWindow&&(s.removeAttribute(\"style\"),\"height\"===t.message?(1e3<(r=parseInt(t.value,10))?r=1e3:~~r<200&&(r=200),s.height=r):\"link\"===t.message&&(r=new URL(s.getAttribute(\"src\")),n=new URL(t.value),c.test(n.protocol))&&n.host===r.host&&l.activeElement===s&&(d.top.location.href=t.value))}},d.addEventListener(\"message\",d.wp.receiveEmbedMessage,!1),l.addEventListener(\"DOMContentLoaded\",function(){for(var e,t,s=l.querySelectorAll(\"iframe.wp-embedded-content\"),r=0;r<s.length;r++)(t=(e=s[r]).getAttribute(\"data-secret\"))||(t=Math.random().toString(36).substring(2,12),e.src+=\"#?secret=\"+t,e.setAttribute(\"data-secret\",t)),e.contentWindow.postMessage({message:\"ready\",secret:t},\"*\")},!1)))}(window,document);\n\/\/# sourceURL=https:\/\/oase-gronau-losser.org\/de\/wp-includes\/js\/wp-embed.min.js\n\/* ]]> *\/\n<\/script>\n","description":"Bald wird die Oase wieder ge\u00f6ffnet. Ab Ostern ist der \u00f6kumenische Kirchengarten jeden Sonntag von 13.00 Uhr bis 17.00 Uhr ge\u00f6ffnet. Der Platz muss daf\u00fcr wieder hergerichtet werden. B\u00e4nke sollen aufgestellt werden. Einige Balken brauchen einen neuen Anstrich und noch viele Dinge m\u00fcssen erledigt werden. Jeden Dienstag von 9.30 Uhr [&hellip;]"}

Ökumenischer Kirchengarten OASE

Arbeiten auf der Oase - Ökumenischer Kirchengarten OASE

<blockquote class="wp-embedded-content" data-secret="LUNRIcaTSk"><a href="https://oase-gronau-losser.org/de/2022/arbeiten-auf-der-oase/">Arbeiten auf der Oase</a></blockquote><iframe sandbox="allow-scripts" security="restricted" src="https://oase-gronau-losser.org/de/2022/arbeiten-auf-der-oase/embed/#?secret=LUNRIcaTSk" width="600" height="338" title="&#8222;Arbeiten auf der Oase&#8220; &#8211; Ökumenischer Kirchengarten OASE" data-secret="LUNRIcaTSk" frameborder="0" marginwidth="0" marginheight="0" scrolling="no" class="wp-embedded-content"></iframe><script type="text/javascript">
/* <![CDATA[ */
/*! This file is auto-generated */
!function(d,l){"use strict";l.querySelector&&d.addEventListener&&"undefined"!=typeof URL&&(d.wp=d.wp||{},d.wp.receiveEmbedMessage||(d.wp.receiveEmbedMessage=function(e){var t=e.data;if((t||t.secret||t.message||t.value)&&!/[^a-zA-Z0-9]/.test(t.secret)){for(var s,r,n,a=l.querySelectorAll('iframe[data-secret="'+t.secret+'"]'),o=l.querySelectorAll('blockquote[data-secret="'+t.secret+'"]'),c=new RegExp("^https?:$","i"),i=0;i<o.length;i++)o[i].style.display="none";for(i=0;i<a.length;i++)s=a[i],e.source===s.contentWindow&&(s.removeAttribute("style"),"height"===t.message?(1e3<(r=parseInt(t.value,10))?r=1e3:~~r<200&&(r=200),s.height=r):"link"===t.message&&(r=new URL(s.getAttribute("src")),n=new URL(t.value),c.test(n.protocol))&&n.host===r.host&&l.activeElement===s&&(d.top.location.href=t.value))}},d.addEventListener("message",d.wp.receiveEmbedMessage,!1),l.addEventListener("DOMContentLoaded",function(){for(var e,t,s=l.querySelectorAll("iframe.wp-embedded-content"),r=0;r<s.length;r++)(t=(e=s[r]).getAttribute("data-secret"))||(t=Math.random().toString(36).substring(2,12),e.src+="#?secret="+t,e.setAttribute("data-secret",t)),e.contentWindow.postMessage({message:"ready",secret:t},"*")},!1)))}(window,document);
//# sourceURL=https://oase-gronau-losser.org/de/wp-includes/js/wp-embed.min.js
/* ]]> */
</script>

Bald wird die Oase wieder geöffnet. Ab Ostern ist der ökumenische Kirchengarten jeden Sonntag von 13.00 Uhr bis 17.00 Uhr geöffnet. Der Platz muss dafür wieder hergerichtet werden. Bänke sollen aufgestellt werden. Einige Balken brauchen einen neuen Anstrich und noch viele Dinge müssen erledigt werden. Jeden Dienstag von 9.30 Uhr [&hellip;]
