{"version":"1.0","provider_name":"\u00d6kumenischer Kirchengarten OASE","provider_url":"https:\/\/oase-gronau-losser.org\/de","author_name":"Marlies Gartmann","author_url":"https:\/\/oase-gronau-losser.org\/de\/author\/marlies\/","title":"Das Werk von Pater Beda - \u00d6kumenischer Kirchengarten OASE","type":"rich","width":600,"height":338,"html":"<blockquote class=\"wp-embedded-content\" data-secret=\"ozxlRNCniL\"><a href=\"https:\/\/oase-gronau-losser.org\/de\/2020\/das-werk-von-pater-beda\/\">Das Werk von Pater Beda<\/a><\/blockquote><iframe sandbox=\"allow-scripts\" security=\"restricted\" src=\"https:\/\/oase-gronau-losser.org\/de\/2020\/das-werk-von-pater-beda\/embed\/#?secret=ozxlRNCniL\" width=\"600\" height=\"338\" title=\"&#8222;Das Werk von Pater Beda&#8220; &#8211; \u00d6kumenischer Kirchengarten OASE\" data-secret=\"ozxlRNCniL\" frameborder=\"0\" marginwidth=\"0\" marginheight=\"0\" scrolling=\"no\" class=\"wp-embedded-content\"><\/iframe><script type=\"text\/javascript\">\n\/* <![CDATA[ *\/\n\/*! This file is auto-generated *\/\n!function(d,l){\"use strict\";l.querySelector&&d.addEventListener&&\"undefined\"!=typeof URL&&(d.wp=d.wp||{},d.wp.receiveEmbedMessage||(d.wp.receiveEmbedMessage=function(e){var t=e.data;if((t||t.secret||t.message||t.value)&&!\/[^a-zA-Z0-9]\/.test(t.secret)){for(var s,r,n,a=l.querySelectorAll('iframe[data-secret=\"'+t.secret+'\"]'),o=l.querySelectorAll('blockquote[data-secret=\"'+t.secret+'\"]'),c=new RegExp(\"^https?:$\",\"i\"),i=0;i<o.length;i++)o[i].style.display=\"none\";for(i=0;i<a.length;i++)s=a[i],e.source===s.contentWindow&&(s.removeAttribute(\"style\"),\"height\"===t.message?(1e3<(r=parseInt(t.value,10))?r=1e3:~~r<200&&(r=200),s.height=r):\"link\"===t.message&&(r=new URL(s.getAttribute(\"src\")),n=new URL(t.value),c.test(n.protocol))&&n.host===r.host&&l.activeElement===s&&(d.top.location.href=t.value))}},d.addEventListener(\"message\",d.wp.receiveEmbedMessage,!1),l.addEventListener(\"DOMContentLoaded\",function(){for(var e,t,s=l.querySelectorAll(\"iframe.wp-embedded-content\"),r=0;r<s.length;r++)(t=(e=s[r]).getAttribute(\"data-secret\"))||(t=Math.random().toString(36).substring(2,12),e.src+=\"#?secret=\"+t,e.setAttribute(\"data-secret\",t)),e.contentWindow.postMessage({message:\"ready\",secret:t},\"*\")},!1)))}(window,document);\n\/\/# sourceURL=https:\/\/oase-gronau-losser.org\/de\/wp-includes\/js\/wp-embed.min.js\n\/* ]]> *\/\n<\/script>\n","description":"Bericht \u00fcber Projekte des Pater Beda Kreises auf der Oase Am 28. August um 19.00 Uhr auf dem Gel\u00e4nde der Oase wird Familie Verst \u00fcber die Arbeit von Pater Beda berichten. Im letzten Jahr waren sie mit Mitgliedern des Aktionskreises in Brasilien und k\u00f6nnen von den Projekten berichten, die Pater [&hellip;]"}

Ökumenischer Kirchengarten OASE

Das Werk von Pater Beda - Ökumenischer Kirchengarten OASE

<blockquote class="wp-embedded-content" data-secret="ozxlRNCniL"><a href="https://oase-gronau-losser.org/de/2020/das-werk-von-pater-beda/">Das Werk von Pater Beda</a></blockquote><iframe sandbox="allow-scripts" security="restricted" src="https://oase-gronau-losser.org/de/2020/das-werk-von-pater-beda/embed/#?secret=ozxlRNCniL" width="600" height="338" title="&#8222;Das Werk von Pater Beda&#8220; &#8211; Ökumenischer Kirchengarten OASE" data-secret="ozxlRNCniL" frameborder="0" marginwidth="0" marginheight="0" scrolling="no" class="wp-embedded-content"></iframe><script type="text/javascript">
/* <![CDATA[ */
/*! This file is auto-generated */
!function(d,l){"use strict";l.querySelector&&d.addEventListener&&"undefined"!=typeof URL&&(d.wp=d.wp||{},d.wp.receiveEmbedMessage||(d.wp.receiveEmbedMessage=function(e){var t=e.data;if((t||t.secret||t.message||t.value)&&!/[^a-zA-Z0-9]/.test(t.secret)){for(var s,r,n,a=l.querySelectorAll('iframe[data-secret="'+t.secret+'"]'),o=l.querySelectorAll('blockquote[data-secret="'+t.secret+'"]'),c=new RegExp("^https?:$","i"),i=0;i<o.length;i++)o[i].style.display="none";for(i=0;i<a.length;i++)s=a[i],e.source===s.contentWindow&&(s.removeAttribute("style"),"height"===t.message?(1e3<(r=parseInt(t.value,10))?r=1e3:~~r<200&&(r=200),s.height=r):"link"===t.message&&(r=new URL(s.getAttribute("src")),n=new URL(t.value),c.test(n.protocol))&&n.host===r.host&&l.activeElement===s&&(d.top.location.href=t.value))}},d.addEventListener("message",d.wp.receiveEmbedMessage,!1),l.addEventListener("DOMContentLoaded",function(){for(var e,t,s=l.querySelectorAll("iframe.wp-embedded-content"),r=0;r<s.length;r++)(t=(e=s[r]).getAttribute("data-secret"))||(t=Math.random().toString(36).substring(2,12),e.src+="#?secret="+t,e.setAttribute("data-secret",t)),e.contentWindow.postMessage({message:"ready",secret:t},"*")},!1)))}(window,document);
//# sourceURL=https://oase-gronau-losser.org/de/wp-includes/js/wp-embed.min.js
/* ]]> */
</script>

Bericht über Projekte des Pater Beda Kreises auf der Oase Am 28. August um 19.00 Uhr auf dem Gelände der Oase wird Familie Verst über die Arbeit von Pater Beda berichten. Im letzten Jahr waren sie mit Mitgliedern des Aktionskreises in Brasilien und können von den Projekten berichten, die Pater [&hellip;]
