{"version":"1.0","provider_name":"\u00d6kumenischer Kirchengarten OASE","provider_url":"https:\/\/oase-gronau-losser.org\/de","author_name":"Marlies Gartmann","author_url":"https:\/\/oase-gronau-losser.org\/de\/author\/marlies\/","title":"Oasefeuer 09.08: Behinderteneinrichtung in Bethlehem - \u00d6kumenischer Kirchengarten OASE","type":"rich","width":600,"height":338,"html":"<blockquote class=\"wp-embedded-content\" data-secret=\"4CTq8jJYwu\"><a href=\"https:\/\/oase-gronau-losser.org\/de\/2019\/oasefeuer-09-08-behinderteneinrichtung-in-bethlehem\/\">Oasefeuer 09.08: Behinderteneinrichtung in Bethlehem<\/a><\/blockquote><iframe sandbox=\"allow-scripts\" security=\"restricted\" src=\"https:\/\/oase-gronau-losser.org\/de\/2019\/oasefeuer-09-08-behinderteneinrichtung-in-bethlehem\/embed\/#?secret=4CTq8jJYwu\" width=\"600\" height=\"338\" title=\"&#8222;Oasefeuer 09.08: Behinderteneinrichtung in Bethlehem&#8220; &#8211; \u00d6kumenischer Kirchengarten OASE\" data-secret=\"4CTq8jJYwu\" frameborder=\"0\" marginwidth=\"0\" marginheight=\"0\" scrolling=\"no\" class=\"wp-embedded-content\"><\/iframe><script type=\"text\/javascript\">\n\/* <![CDATA[ *\/\n\/*! This file is auto-generated *\/\n!function(d,l){\"use strict\";l.querySelector&&d.addEventListener&&\"undefined\"!=typeof URL&&(d.wp=d.wp||{},d.wp.receiveEmbedMessage||(d.wp.receiveEmbedMessage=function(e){var t=e.data;if((t||t.secret||t.message||t.value)&&!\/[^a-zA-Z0-9]\/.test(t.secret)){for(var s,r,n,a=l.querySelectorAll('iframe[data-secret=\"'+t.secret+'\"]'),o=l.querySelectorAll('blockquote[data-secret=\"'+t.secret+'\"]'),c=new RegExp(\"^https?:$\",\"i\"),i=0;i<o.length;i++)o[i].style.display=\"none\";for(i=0;i<a.length;i++)s=a[i],e.source===s.contentWindow&&(s.removeAttribute(\"style\"),\"height\"===t.message?(1e3<(r=parseInt(t.value,10))?r=1e3:~~r<200&&(r=200),s.height=r):\"link\"===t.message&&(r=new URL(s.getAttribute(\"src\")),n=new URL(t.value),c.test(n.protocol))&&n.host===r.host&&l.activeElement===s&&(d.top.location.href=t.value))}},d.addEventListener(\"message\",d.wp.receiveEmbedMessage,!1),l.addEventListener(\"DOMContentLoaded\",function(){for(var e,t,s=l.querySelectorAll(\"iframe.wp-embedded-content\"),r=0;r<s.length;r++)(t=(e=s[r]).getAttribute(\"data-secret\"))||(t=Math.random().toString(36).substring(2,12),e.src+=\"#?secret=\"+t,e.setAttribute(\"data-secret\",t)),e.contentWindow.postMessage({message:\"ready\",secret:t},\"*\")},!1)))}(window,document);\n\/\/# sourceURL=https:\/\/oase-gronau-losser.org\/de\/wp-includes\/js\/wp-embed.min.js\n\/* ]]> *\/\n<\/script>\n","description":"Behinderteneinrichtung in Bethlehem Am Freitag 9. August findet wieder ein Oasefeuer statt.\u00a0Frau Kohlhoff berichtet \u00fcber ihre Reise nach Israel. Sie hat in Bethlehem eine Behinderteneinrichtung besucht. Pal\u00e4stin\u00e4nsische und israelische Behinderte werden dort behandelt. \u00c4ltere Behinderte arbeiten in verschiedenen Werkst\u00e4tten. Auch berichtet sie \u00fcber das Zusammenleben von Pal\u00e4stinensern und Israelis. Mit [&hellip;]"}

Ökumenischer Kirchengarten OASE

Oasefeuer 09.08: Behinderteneinrichtung in Bethlehem - Ökumenischer Kirchengarten OASE

<blockquote class="wp-embedded-content" data-secret="4CTq8jJYwu"><a href="https://oase-gronau-losser.org/de/2019/oasefeuer-09-08-behinderteneinrichtung-in-bethlehem/">Oasefeuer 09.08: Behinderteneinrichtung in Bethlehem</a></blockquote><iframe sandbox="allow-scripts" security="restricted" src="https://oase-gronau-losser.org/de/2019/oasefeuer-09-08-behinderteneinrichtung-in-bethlehem/embed/#?secret=4CTq8jJYwu" width="600" height="338" title="&#8222;Oasefeuer 09.08: Behinderteneinrichtung in Bethlehem&#8220; &#8211; Ökumenischer Kirchengarten OASE" data-secret="4CTq8jJYwu" frameborder="0" marginwidth="0" marginheight="0" scrolling="no" class="wp-embedded-content"></iframe><script type="text/javascript">
/* <![CDATA[ */
/*! This file is auto-generated */
!function(d,l){"use strict";l.querySelector&&d.addEventListener&&"undefined"!=typeof URL&&(d.wp=d.wp||{},d.wp.receiveEmbedMessage||(d.wp.receiveEmbedMessage=function(e){var t=e.data;if((t||t.secret||t.message||t.value)&&!/[^a-zA-Z0-9]/.test(t.secret)){for(var s,r,n,a=l.querySelectorAll('iframe[data-secret="'+t.secret+'"]'),o=l.querySelectorAll('blockquote[data-secret="'+t.secret+'"]'),c=new RegExp("^https?:$","i"),i=0;i<o.length;i++)o[i].style.display="none";for(i=0;i<a.length;i++)s=a[i],e.source===s.contentWindow&&(s.removeAttribute("style"),"height"===t.message?(1e3<(r=parseInt(t.value,10))?r=1e3:~~r<200&&(r=200),s.height=r):"link"===t.message&&(r=new URL(s.getAttribute("src")),n=new URL(t.value),c.test(n.protocol))&&n.host===r.host&&l.activeElement===s&&(d.top.location.href=t.value))}},d.addEventListener("message",d.wp.receiveEmbedMessage,!1),l.addEventListener("DOMContentLoaded",function(){for(var e,t,s=l.querySelectorAll("iframe.wp-embedded-content"),r=0;r<s.length;r++)(t=(e=s[r]).getAttribute("data-secret"))||(t=Math.random().toString(36).substring(2,12),e.src+="#?secret="+t,e.setAttribute("data-secret",t)),e.contentWindow.postMessage({message:"ready",secret:t},"*")},!1)))}(window,document);
//# sourceURL=https://oase-gronau-losser.org/de/wp-includes/js/wp-embed.min.js
/* ]]> */
</script>

Behinderteneinrichtung in Bethlehem Am Freitag 9. August findet wieder ein Oasefeuer statt. Frau Kohlhoff berichtet über ihre Reise nach Israel. Sie hat in Bethlehem eine Behinderteneinrichtung besucht. Palästinänsische und israelische Behinderte werden dort behandelt. Ältere Behinderte arbeiten in verschiedenen Werkstätten. Auch berichtet sie über das Zusammenleben von Palästinensern und Israelis. Mit [&hellip;]
